hundred thousands digit of 381269?
3
What is the ten thousands digit of 320909?
2
What is the ten thousands digit of 1371084?
7
What is the tens digit of 436098?
9
What is the millions digit of 1884178?
1
What is the tens digit of 8772209?
0
What is the ten millions digit of 33059423?
3
What is the units digit of 30079921?
1
What is the thousands digit of 960930?
0
What is the ten thousands digit of 347805?
4
What is the units digit of 4078091?
1
What is the tens digit of 9517182?
8
What is the ten millions digit of 25728106?
2
What is the ten thousands digit of 7737418?
3
What is the ten thousands digit of 1134060?
3
What is the hundred thousands digit of 21611049?
6
What is the tens digit of 2565664?
6
What is the hundreds digit of 6454727?
7
What is the units digit of 686099?
9
What is the units digit of 1431713?
3
What is the ten thousands digit of 1149996?
4
What is the thousands digit of 511686?
1
What is the ten thousands digit of 5592513?
9
What is the millions digit of 1113250?
1
What is the tens digit of 1205468?
6
What is the hundreds digit of 3548643?
6
What is the millions digit of 4039832?
4
What is the hundred thousands digit of 2939529?
9
What is the millions digit of 1653385?
1
What is the units digit of 15807549?
9
What is the thousands digit of 4309545?
9
What is the hundreds digit of 5563974?
9
What is the thousands digit of 2170425?
0
What is the ten thousands digit of 6454812?
5
What is the thousands digit of 206476?
6
What is the units digit of 359706?
6
What is the thousands digit of 238466?
8
What is the ten millions digit of 17422536?
1
What is the tens digit of 89402?
0
What is the hundred thousands digit of 5213062?
2
What is the units digit of 34773?
3
What is the millions digit of 3884602?
3
What is the ten thousands digit of 32140?
3
What is the tens digit of 3335677?
7
What is the ten thousands digit of 201873?
0
What is the thousands digit of 15518963?
8
What is the tens digit of 8619916?
1
What is the units digit of 12588296?
6
What is the hundred thousands digit of 2576931?
5
What is the ten thousands digit of 665675?
6
What is the units digit of 37208?
8
What is the units digit of 2518104?
4
What is the hundreds digit of 1504566?
5
What is the units digit of 262917?
7
What is the ten millions digit of 24281224?
2
What is the ten thousands digit of 1482495?
8
What is the tens digit of 9966057?
5
What is the hundreds digit of 2830078?
0
What is the hundreds digit of 182690?
6
What is the ten thousands digit of 3305515?
0
What is the tens digit of 259383?
8
What is the thousands digit of 11434007?
4
What is the hundred thousands digit of 437340?
4
What is the thousands digit of 2107099?
7
What is the tens digit of 2006931?
3
What is the units digit of 14200576?
6
What is the ten thousands digit of 259668?
5
What is the millions digit of 38226491?
8
What is the tens digit of 411883?
8
What is the thousands digit of 1381486?
1
What is the units digit of 98140?
0
What is the hundreds digit of 645729?
7
What is the millions digit of 1469957?
1
What is the millions digit of 11088662?
1
What is the ten thousands digit of 203102?
0
What is the thousands digit of 790507?
0
What is the tens digit of 3627427?
2
What is the hundreds digit of 236891?
8
What is the units digit of 9917131?
1
What is the tens digit of 1208393?
9
What is the thousands digit of 628857?
8
What is the units digit of 10839?
9
What is the tens digit of 672187?
8
What is the units digit of 11984130?
0
What is the hundred thousands digit of 6392009?
3
What is the units digit of 1397770?
0
What is the hundreds digit of 906471?
4
What is the millions digit of 13656349?
3
What is the thousands digit of 50348?
0
What is the tens digit of 572119?
1
What is the units digit of 10738586?
6
What is the hundreds digit of 11318197?
1
What is the hundreds digit of 41188?
1
What is the hundreds digit of 912877?
8
What is the ten thousands digit of 70285?
7
What is the tens digit of 341609?
0
What is the tens digit of 2523465?
6
What is the ten thousands digit of 10446708?
4
What is the thousands digit of 192809?
2
What is the hundreds digit of 179316?
3
What is the millions digit of 9825845?
9
What is the hundreds digit of 22517?
5
What is the hundreds digit of 513042?
0
What is the hundred thousands digit of 255546?
2
What is the hundred thousands digit of 369291?
3
What is the units digit of 3267985?
5
What is the tens digit of 690872?
7
What is the tens digit of 147363?
6
What is the thousands digit of 37268?
7
What is the tens digit of 5106496?
9
What is the tens digit of 2111499?
9
What is the tens digit of 850308?
0
What is the units digit of 240590?
0
What is the ten thousands digit of 11364447?
6
What is the hundreds digit of 7001641?
6
What is the hundreds digit of 91192?
1
What is the hundred thousands digit of 962575?
9
What is the thousands digit of 9441276?
1
What is the tens digit of 57463?
6
What is the tens digit of 532928?
2
What is the millions digit of 3837187?
3
What is the hundreds digit of 895?
8
What is the ten thousands digit of 350823?
5
What is the thousands digit of 89117?
9
What is the ten thousands digit of 338509?
3
What is the ten thousands digit of 6209091?
0
What is the thousands digit of 301012?
1
What is the tens digit of 12568?
6
What is the thousands digit of 3431356?
1
What is the tens digit of 7371052?
5
What is the millions digit of 1332126?
1
What is the thousands digit of 10687094?
7
What is the ten thousands digit of 255027?
5
What is the hundreds digit of 193944?
9
What is the hundred thousands digit of 233341?
2
What is the units digit of 838753?
3
What is the hundreds digit of 9505626?
6
What is the ten thousands digit of 516723?
1
What is the units digit of 2525581?
1
What is the thousands digit of 3111305?
1
What is the ten thousands digit of 234870?
3
What is the tens digit of 44965?
6
What is the thousands digit of 542952?
2
What is the thousands digit of 73234?
3
What is the ten millions digit of 10125850?
1
What is the ten thousands digit of 3812205?
1
What is the thousands digit of 306584?
6
What is the thousands digit of 121532?
1
What is the thousands digit of 26161573?
1
What is the thousands digit of 16379615?
9
What is the thousands digit of 137009?
7
What is the millions digit of 15727673?
5
What is the hundreds digit of 83158?
1
What is the ten thousands digit of 717700?
1
What is the hundred thousands digit of 1627073?
6
What is the units digit of 2804379?
9
What is the hundred thousands digit of 614195?
6
What is the hundreds digit of 24792472?
4
What is the thousands digit of 2172349?
2
What is the units digit of 8970313?
3
What is the ten thousands digit of 162101?
6
What is the ten thousands digit of 641246?
4
What is the hundred thousands digit of 345317?
3
What is the ten thousands digit of 1213149?
1
What is the ten thousands digit of 92684?
9
What is the hundreds digit of 461982?
9
What is the hundred thousands digit of 115645?
1
What is the hundred thousands digit of 13044768?
0
What is the hundreds digit of 291731?
7
What is the millions digit of 6709471?
6
What is the ten thousands digit of 2538279?
3
What is the hundred thousands digit of 11106062?
1
What is the tens digit of 15756722?
2
What is the units digit of 15507793?
3
What is the millions digit of 2563371?
2
What is the hundreds digit of 88739?
7
What is the ten thousands digit of 233682?
3
What is the thousands digit of 1892078?
2
What is the hundreds digit of 7361498?
4
What is the ten thousands digit of 10378030?
7
What is the tens digit of 108281?
8
What is the thousands digit of 26205989?
5
What is the tens digit of 37042336?
3
What is the ten thousands digit of 20886473?
8
What is the thousands digit of 785541?
5
What is the tens digit of 1391956?
5
What is the hundred thousands digit of 325398?
3
What is the tens digit of 4236472?
7
What is the ten thousands digit of 208543?
0
What is the tens digit of 517?
1
What is the ten thousands digit of 775533?
7
What is the ten thousands digit of 247241?
4
What is the hundreds digit of 118989?
9
What is the hundreds digit of 9501177?
1
What is the units digit of 410641?
1
What is the ten thousands digit of 690811?
9
What is the ten thousands digit of 3391557?
9
What is the million